 a multiple of 37?
False
Does 29 divide 81026?
True
Is 13 a factor of 1159364?
False
Is 53123 a multiple of 31?
False
Is 174629 a multiple of 21?
False
Is 64 a factor of 36928?
True
Does 18 divide 2704584?
False
Is 234592 a multiple of 8?
True
Is 1525784 a multiple of 4?
True
Does 22 divide 277068?
True
Is 617328 a multiple of 144?
True
Is 729733 a multiple of 191?
False
Does 77 divide 885038?
True
Is 80 a factor of 161600?
True
Does 98 divide 464099?
False
Is 61 a factor of 2192263?
False
Is 404 a factor of 31108?
True
Is 183400 a multiple of 56?
True
Is 10 a factor of 96845?
False
Is 80424 a multiple of 24?
True
Is 148 a factor of 4095456?
True
Is 220 a factor of 4539741?
False
Is 124090 a multiple of 11?
False
Is 504304 a multiple of 5?
False
Is 3738 a multiple of 647?
False
Is 42 a factor of 14070?
True
Is 16965 a multiple of 87?
True
Does 147 divide 20557362?
True
Does 217 divide 252289?
False
Does 50 divide 1036050?
True
Is 747 a factor of 726084?
True
Is 742844 a multiple of 41?
False
Is 33 a factor of 146949?
True
Is 2645654 a multiple of 11?
True
Does 10 divide 242460?
True
Is 148 a factor of 197196?
False
Is 35 a factor of 238640?
False
Does 528 divide 156816?
True
Is 371329 a multiple of 157?
False
Does 23 divide 145765?
False
Is 101866 a multiple of 53?
True
Is 7 a factor of 1072918?
True
Is 758 a factor of 1934138?
False
Is 2226555 a multiple of 15?
True
Is 95 a factor of 359060?
False
Does 1488 divide 10500257?
False
Does 58 divide 961689?
False
Is 336 a factor of 219128?
False
Is 365471 a multiple of 180?
False
Does 5 divide 20745?
True
Is 341 a factor of 10461539?
True
Does 79 divide 36340?
True
Is 420573 a multiple of 112?
False
Is 1515918 a multiple of 73?
True
Does 119 divide 2060497?
False
Is 1519 a factor of 18147493?
True
Is 30 a factor of 116040?
True
Is 3 a factor of 21725?
False
Is 21339351 a multiple of 1317?
True
Is 27 a factor of 12145923?
True
Does 18 divide 52585?
False
Is 10818780 a multiple of 420?
True
Does 143 divide 27456?
True
Is 75392 a multiple of 124?
True
Is 39 a factor of 75855?
True
Is 116380 a multiple of 110?
True
Is 54463 a multiple of 234?
False
Is 73 a factor of 112055?
True
Does 3 divide 23669?
False
Is 5940213 a multiple of 563?
True
Does 475 divide 196650?
True
Is 48256 a multiple of 9?
False
Does 130 divide 24581?
False
Is 479524 a multiple of 161?
False
Is 24 a factor of 1178856?
True
Is 1817042 a multiple of 9?
False
Does 25 divide 11750?
True
Is 20 a factor of 1297396?
False
Does 468 divide 1170468?
True
Is 16 a factor of 3522619?
False
Does 56 divide 332528?
True
Is 5 a factor of 744263?
False
Is 46 a factor of 109028?
False
Is 14 a factor of 1413748?
True
Does 11 divide 628133?
True
Is 772 a factor of 2339832?
False
Does 74 divide 64754?
False
Does 4 divide 99916?
True
Is 21 a factor of 4158523?
False
Is 161348 a multiple of 69?
False
Is 11314 a multiple of 7?
False
Is 13 a factor of 8879078?
True
Is 2 a factor of 91225?
False
Is 13219840 a multiple of 640?
True
Is 62 a factor of 785726?
True
Is 125 a factor of 3742375?
True
Is 665916 a multiple of 135?
False
Is 826370 a multiple of 4?
False
Is 5583555 a multiple of 52?
False
Does 1705 divide 5684470?
True
Is 18 a factor of 3412?
False
Does 16 divide 379840?
True
Does 495 divide 1722509?
False
Is 6 a factor of 2403159?
False
Does 16 divide 309430?
False
Is 14073905 a multiple of 452?
False
Does 21 divide 319164?
False
Is 64581 a multiple of 103?
True
Is 206 a factor of 2818286?
True
Is 415808 a multiple of 104?
False
Is 27760 a multiple of 20?
True
Is 27 a factor of 358377?
False
Does 24 divide 9864?
True
Is 914760 a multiple of 330?
True
Is 404157 a multiple of 26?
False
Is 66738 a multiple of 4?
False
Does 209 divide 1227248?
True
Does 33 divide 164223?
False
Is 1997028 a multiple of 123?
True
Is 24 a factor of 1203192?
True
Does 10 divide 61980?
True
Does 1426 divide 502356?
False
Is 23 a factor of 4206115?
False
Is 200958 a multiple of 6?
True
Is 1204196 a multiple of 203?
True
Does 31 divide 272924?
True
Is 20 a factor of 705965?
False
Is 47371 a multiple of 14?
False
Is 15557191 a multiple of 138?
False
Does 2 divide 173922?
True
Is 254682 a multiple of 70?
False
Is 14437 a multiple of 8?
False
Is 90 a factor of 39780?
True
Is 119 a factor of 880605?
False
Is 195993 a multiple of 119?
True
Is 2343250 a multiple of 875?
True
Is 1409 a factor of 4700424?
True
Does 16 divide 334616?
False
Is 73747 a multiple of 14?
False
Is 114772 a multiple of 28?
True
Is 2 a factor of 35156?
True
Does 18 divide 1120905?
False
Does 107 divide 289863?
True
Is 120697 a multiple of 148?
False
Does 27 divide 9762039?
True
Is 13 a factor of 961740?
True
Is 1422815 a multiple of 85?
True
Is 15 a factor of 16105489?
False
Is 896 a factor of 4730880?
True
Does 15 divide 537488?
False
Is 150210 a multiple of 5?
True
Is 10 a factor of 224660?
True
Does 124 divide 9582720?
True
Is 8103065 a multiple of 20?
False
Is 787603 a multiple of 6?
False
Is 3039000 a multiple of 150?
True
Is 10368 a multiple of 9?
True
Is 85444 a multiple of 164?
True
Is 427 a factor of 221186?
True
Is 2412 a multiple of 9?
True
Does 9 divide 117776?
False
Is 401 a factor of 21253?
True
Does 17 divide 192976?
False
Is 61098 a multiple of 17?
True
Does 307 divide 42059?
True
Is 849 a factor of 431968?
False
Is 70 a factor of 5249860?
True
Is 309470 a multiple of 188?
False
Is 6779681 a multiple of 43?
True
Is 422 a factor of 227890?
False
Does 29 divide 1504070?
False
Is 191 a factor of 3721635?
True
Is 2395 a factor of 3048394?
False
Is 94 a factor of 5204969?
False
Is 229456 a multiple of 16?
True
Is 44 a factor of 4085884?
True
Does 127 divide 916450?
False
Is 200 a factor of 91600?
True
Is 8 a factor of 72104?
True
Is 223 a factor of 1626785?
True
Is 32445 a multiple of 105?
True
Does 6 divide 1468133?
False
Does 256 divide 661870?
False
Does 93 divide 51615?
True
Does 218 divide 482855?
False
Does 645 divide 14378340?
True
Is 9 a factor of 17289?
True
Is 9 a factor of 203608?
False
Is 180701 a multiple of 3?
False
Is 1003901 a multiple of 17?
True
Is 16 a factor of 501743?
False
Does 68 divide 918136?
True
Is 289296 a multiple of 21?
True
Does 654 divide 11816472?
True
Is 23 a factor of 169706?
False
Is 14 a factor of 1190463?
False
Is 19 a factor of 20482?
True
Does 10 divide 1417000?
True
Is 300 a factor of 1049400?
True
Is 14 a factor of 18346?
False
Does 7 divide 7391222?
False
Does 116 divide 165594?
False
Does 106 divide 365778?
False
Is 72 a factor of 1189515?
False
Is 772411 a multiple of 97?
True
Does 227 divide 2252521?
True
Does 10 divide 1911900?
True
Is 30 a factor of 47370?
True
Does 186 divide 213342?
True
Is 2395311 a multiple of 65?
False
Does 55 divide 92006?
False
Is 542911 a multiple of 947?
False
Is 13936 a multiple of 67?
True
Is 9365 a multiple of 3?
False
Is 10 a factor of 759297?
False
Is 11 a factor of 2899303?
True
Is 555970 a multiple of 265?
True
Is 1386775 a multiple of 5?
True
Is 40277 a multiple of 8?
False
Does 2 divide 32049?
False
Is 58 a factor of 561761?
False
Does 2 divide 28752?
True
Does 157 divide 9744362?
True
Does 109 divide 351516?
False
Is 163 a factor of 229504?
True
Does 746 divide 677331?
False
Does 17 divide 1755555?
False
Does 5 divide 3643905?
True
Is 5 a factor of 707955?
True
Is 184836 a multiple of 146?
True
Is 561817 a multiple of 226?
False
Does 10 divide 6025310?
True
Is 21 a factor of 952637?
False
Is 12 a factor of 1229134?
False
Is 12 a factor of 860456?
False
Does 226 divide 2624764?
True
Is 72 a factor of 219672?
True
Is 1194589 a multiple of 34?
False
Does 101 divide 13429729?
False
Does 11 divide 3072068?
False
Is 3533897 a multiple of 79?
False
Is 23655 a multiple of 73?
False
Is 480935 a multiple of 35?
True
Is 267258 a multiple of 50?
False
Is 174 a factor of 410563?
False
Does 14 divide 453278?
True
Does 53 divide 313622?
False
Is 1404525 a multiple of 301?
False
Is 12 a factor of 28980?
True
Is 45 a factor of 201915?
True
Is 243 a factor of 4944173?
False
Is 333 a factor of 43052?
False
Is 16 a factor of 399306?
False
Is 1857005 a multiple of 70?
False
Does 42 divide 574187?
False
Is 20 a factor of 39580?
True
Is 72 a factor of 8441424?
True
Is 2828878 a multiple of 9?
False
Does 1028 divide 2658408?
True
Does 2